{"id":82,"date":"2020-06-03T20:55:10","date_gmt":"2020-06-03T17:55:10","guid":{"rendered":"https:\/\/hophop.az\/hakkimizda\/"},"modified":"2025-11-27T09:54:36","modified_gmt":"2025-11-27T05:54:36","slug":"hakkimizda","status":"publish","type":"page","link":"https:\/\/hophop.az\/?page_id=82","title":{"rendered":"Haqq\u0131m\u0131zda"},"content":{"rendered":"\n<figure class=\"wp-block-image size-full is-resized\"><img loading=\"lazy\" decoding=\"async\" width=\"750\" height=\"500\" src=\"https:\/\/hophop.az\/wp-content\/uploads\/2025\/11\/hophop-digital-media-team.jpg\" alt=\"\" class=\"wp-image-576\" style=\"width:840px;height:auto\" srcset=\"https:\/\/hophop.az\/wp-content\/uploads\/2025\/11\/hophop-digital-media-team.jpg 750w, https:\/\/hophop.az\/wp-content\/uploads\/2025\/11\/hophop-digital-media-team-300x200.jpg 300w\" sizes=\"auto, (max-width: 750px) 100vw, 750px\" \/><\/figure>\n\n\n\n<p>Hophop Media r\u0259q\u0259msal marketing sah\u0259sind\u0259 m\u00fcasir yana\u015fma, yarad\u0131c\u0131 d\u00fc\u015f\u00fcnc\u0259 v\u0259 n\u0259tic\u0259 y\u00f6n\u00fcml\u00fc i\u015f prinsipl\u0259rini bir araya g\u0259tir\u0259n media agentliyidir. Biz markalar\u0131n r\u0259q\u0259msal d\u00fcnyada g\u00f6r\u00fcnm\u0259sini t\u0259min edir, brendl\u0259ri auditoriyas\u0131 il\u0259 daha g\u00fccl\u00fc v\u0259 dayan\u0131ql\u0131 \u015f\u0259kild\u0259 birl\u0259\u015fdiririk.<\/p>\n\n\n\n<p>M\u0259qs\u0259dimiz sad\u0259c\u0259 xidm\u0259t g\u00f6st\u0259rm\u0259k deyil \u2014 biznesinizin inki\u015faf yolunda etibarl\u0131 t\u0259r\u0259fda\u015f olmaqd\u0131r. H\u0259r bir layih\u0259ni f\u0259rdi yana\u015fma il\u0259 analiz edir, h\u0259d\u0259fl\u0259rinizi d\u0259rin \u015f\u0259kild\u0259 anlay\u0131r v\u0259 onlara uy\u011fun strategiyalar haz\u0131rlay\u0131r\u0131q.<\/p>\n\n\n\n<p>Pe\u015f\u0259kar komandam\u0131z reklam kampaniyalar\u0131, sosial media idar\u0259\u00e7iliyi, vizual kontent istehsal\u0131, video montaj, brendinq v\u0259 performance marketing kimi sah\u0259l\u0259rd\u0259 geni\u015f t\u0259cr\u00fcb\u0259y\u0259 malikdir. T\u0259qdim etdiyimiz b\u00fct\u00fcn h\u0259ll\u0259r \u00f6l\u00e7\u00fcl\u0259 bil\u0259n n\u0259tic\u0259l\u0259r\u0259 v\u0259 davaml\u0131 inki\u015faf strategiyas\u0131na \u0259saslan\u0131r.<\/p>\n\n\n\n<p>Biz r\u0259q\u0259msal tendensiyalar\u0131 yax\u0131ndan izl\u0259yir, yenilikl\u0259ri i\u015fimiz\u0259 daim t\u0259tbiq edir v\u0259 markan\u0131z\u0131n r\u0259qab\u0259tli bazarda \u00f6n\u0259 \u00e7\u0131xmas\u0131na k\u00f6m\u0259k edirik. Hophop Media olaraq inan\u0131r\u0131q ki, g\u00fccl\u00fc r\u0259q\u0259msal varl\u0131q\u2014g\u00fccl\u00fc biznesin a\u00e7ar\u0131d\u0131r.<\/p>\n\n\n\n<p><\/p>\n\n\n\n<div class=\"wp-block-safirtema-mainheading singleHeading mainHeading\"><div class=\"inner\"><div class=\"icon safiricon\"><svg class=\"safiricon-soru\"><use href=\"#safiricon-soru\"><\/use><\/svg><\/div><div class=\"text\">Niy\u0259 bizi se\u00e7m\u0259lisiniz?<\/div><\/div><\/div>\n\n\n\n<h3 class=\"wp-block-heading has-vivid-cyan-blue-color has-text-color has-link-color has-medium-font-size wp-elements-6e1f730add8dc2e18c68e19a0787817b\">H\u0259d\u0259finiz n\u0259 olursa olsun, onu birlikd\u0259 daha tez v\u0259 daha s\u0259m\u0259r\u0259li \u0259ld\u0259 ed\u0259k.<\/h3>\n\n\n\n<h3 class=\"wp-block-heading has-black-color has-text-color has-link-color wp-elements-dc83b8f518c3f7ff904bcffb3593669f\">\ud83d\udd39 F\u0259rdi yana\u015fma<\/h3>\n\n\n\n<p>H\u0259r bir biznesin h\u0259d\u0259fi v\u0259 auditoriyas\u0131 f\u0259rqlidir. Buna g\u00f6r\u0259 strategiyalar\u0131m\u0131z\u0131 \u015fablon deyil, tam olaraq sizin brendiniz\u0259 uy\u011fun qururuq.<\/p>\n\n\n\n<p>\ud83d\udd39 <strong>Kreativ komanda<\/strong><\/p>\n\n\n\n<p>Video istehsal\u0131, SMM, dizayn v\u0259 reklam \u00fczr\u0259 t\u0259cr\u00fcb\u0259li komanda il\u0259 markan\u0131z\u0131 r\u0259q\u0259msal m\u0259kanda f\u0259rql\u0259ndir\u0259n vizuallar v\u0259 kampaniyalar haz\u0131rlay\u0131r\u0131q.<\/p>\n\n\n\n<p>\ud83d\udd39 <strong>Data \u0259sasl\u0131 q\u0259rarlar<\/strong><\/p>\n\n\n\n<p>Biz sad\u0259c\u0259 kreativlikl\u0259 kifay\u0259tl\u0259nmirik \u2014 analitika, testl\u0259r v\u0259 real n\u0259tic\u0259l\u0259r \u0259sas\u0131nda add\u0131mlar at\u0131r\u0131q. Kampaniyalar\u0131n\u0131z\u0131n performans\u0131 daim \u00f6l\u00e7\u00fcl\u00fcr v\u0259 optimizasiya olunur.<\/p>\n\n\n\n<p>\ud83d\udd39 <strong>\u015e\u0259ffafl\u0131q v\u0259 hesabatl\u0131l\u0131q<\/strong><\/p>\n\n\n\n<p>B\u00fct\u00fcn xidm\u0259tl\u0259rimiz boyunca ayl\u0131q v\u0259 ya h\u0259ft\u0259lik hesabatlar t\u0259qdim edirik. H\u0259r x\u0259rci, h\u0259r n\u0259tic\u0259ni a\u00e7\u0131q \u015f\u0259kild\u0259 g\u00f6r\u00fcrs\u00fcn\u00fcz.<\/p>\n\n\n\n<p>\ud83d\udd39 <strong>S\u00fcr\u0259tli v\u0259 effektiv icra<\/strong><\/p>\n\n\n\n<p>Planlama, haz\u0131rl\u0131q v\u0259 icra prosesl\u0259rini y\u00fcks\u0259k tempd\u0259 quraraq layih\u0259l\u0259rinizi vaxt\u0131nda v\u0259 keyfiyy\u0259tl\u0259 tamamlay\u0131r\u0131q.<\/p>\n\n\n\n<p>\ud83d\udd39 <strong>Geni\u015f xidm\u0259t paketi<\/strong><\/p>\n\n\n\n<p>R\u0259q\u0259msal marketing \u00fc\u00e7\u00fcn laz\u0131m olan b\u00fct\u00fcn h\u0259ll\u0259ri t\u0259k m\u0259rk\u0259zd\u0259n t\u0259min edirik \u2013 bel\u0259likl\u0259 i\u015finiz h\u0259m daha s\u00fcr\u0259tli, h\u0259m daha nizaml\u0131, h\u0259m d\u0259 daha n\u0259tic\u0259 y\u00f6n\u00fcml\u00fc olur.<\/p>\n\n\n\n<p><\/p>\n\n\n\n<div class=\"wp-block-columns is-layout-flex wp-container-core-columns-is-layout-9d6595d7 wp-block-columns-is-layout-flex\">\n<div class=\"wp-block-column is-layout-flow wp-block-column-is-layout-flow\">\n<div class=\"wp-block-safirtema-mainheading singleHeading mainHeading\"><div class=\"inner\"><div class=\"icon safiricon\"><svg class=\"safiricon-lamba\"><use href=\"#safiricon-lamba\"><\/use><\/svg><\/div><div class=\"text\">Missiyam\u0131z<\/div><\/div><\/div>\n\n\n\n<p>Markalar\u0131 r\u0259q\u0259msal d\u00fcnyada daha g\u00fccl\u00fc v\u0259 tan\u0131nan etm\u0259k, inki\u015faf\u0131na t\u00f6hf\u0259 ver\u0259n effektiv, yenilik\u00e7i v\u0259 \u00f6l\u00e7\u00fcl\u0259 bil\u0259n marketing h\u0259ll\u0259ri t\u0259qdim etm\u0259k.<\/p>\n<\/div>\n\n\n\n<div class=\"wp-block-column is-layout-flow wp-block-column-is-layout-flow\">\n<div class=\"wp-block-safirtema-mainheading singleHeading mainHeading\"><div class=\"inner\"><div class=\"icon safiricon\"><svg class=\"safiricon-anlasma\"><use href=\"#safiricon-anlasma\"><\/use><\/svg><\/div><div class=\"text\">Vizyonumuz<\/div><\/div><\/div>\n\n\n\n<p>Regionun \u0259n yarad\u0131c\u0131 v\u0259 \u0259n etibarl\u0131 r\u0259q\u0259msal marketing agentlikl\u0259rind\u0259n biri olmaq, brendl\u0259rin inki\u015faf\u0131nda strateji t\u0259r\u0259fda\u015f kimi se\u00e7il\u0259n bir media \u015firk\u0259tin\u0259 \u00e7evrilm\u0259k.<\/p>\n<\/div>\n<\/div>\n","protected":false},"excerpt":{"rendered":"<p>Hophop Media r\u0259q\u0259msal marketing sah\u0259sind\u0259 m\u00fcasir yana\u015fma, yarad\u0131c\u0131 d\u00fc\u015f\u00fcnc\u0259 v\u0259 n\u0259tic\u0259 y\u00f6n\u00fcml\u00fc i\u015f prinsipl\u0259rini bir araya g\u0259tir\u0259n media agentliyidir. Biz markalar\u0131n r\u0259q\u0259msal d\u00fcnyada g\u00f6r\u00fcnm\u0259sini t\u0259min edir, brendl\u0259ri auditoriyas\u0131 il\u0259 daha g\u00fccl\u00fc v\u0259 dayan\u0131ql\u0131 \u015f\u0259kild\u0259 birl\u0259\u015fdiririk. M\u0259qs\u0259dimiz sad\u0259c\u0259 xidm\u0259t g\u00f6st\u0259rm\u0259k deyil \u2014 biznesinizin inki\u015faf yolunda etibarl\u0131 t\u0259r\u0259fda\u015f olmaqd\u0131r. H\u0259r bir layih\u0259ni f\u0259rdi yana\u015fma il\u0259 analiz edir, [&hellip;]<\/p>\n","protected":false},"author":1,"featured_media":576,"parent":0,"menu_order":0,"comment_status":"closed","ping_status":"closed","template":"","meta":{"footnotes":""},"class_list":["post-82","page","type-page","status-publish","has-post-thumbnail","hentry"],"aioseo_notices":[],"_links":{"self":[{"href":"https:\/\/hophop.az\/index.php?rest_route=\/wp\/v2\/pages\/82","targetHints":{"allow":["GET"]}}],"collection":[{"href":"https:\/\/hophop.az\/index.php?rest_route=\/wp\/v2\/pages"}],"about":[{"href":"https:\/\/hophop.az\/index.php?rest_route=\/wp\/v2\/types\/page"}],"author":[{"embeddable":true,"href":"https:\/\/hophop.az\/index.php?rest_route=\/wp\/v2\/users\/1"}],"replies":[{"embeddable":true,"href":"https:\/\/hophop.az\/index.php?rest_route=%2Fwp%2Fv2%2Fcomments&post=82"}],"version-history":[{"count":11,"href":"https:\/\/hophop.az\/index.php?rest_route=\/wp\/v2\/pages\/82\/revisions"}],"predecessor-version":[{"id":585,"href":"https:\/\/hophop.az\/index.php?rest_route=\/wp\/v2\/pages\/82\/revisions\/585"}],"wp:featuredmedia":[{"embeddable":true,"href":"https:\/\/hophop.az\/index.php?rest_route=\/wp\/v2\/media\/576"}],"wp:attachment":[{"href":"https:\/\/hophop.az\/index.php?rest_route=%2Fwp%2Fv2%2Fmedia&parent=82"}],"curies":[{"name":"wp","href":"https:\/\/api.w.org\/{rel}","templated":true}]}}